of 160?
False
Is 5 a factor of 410?
True
Does 30 divide 6527?
False
Is 1509 a multiple of 3?
True
Is 1551 a multiple of 47?
True
Is 3568 a multiple of 4?
True
Does 19 divide 650?
False
Is 23 a factor of 431?
False
Does 45 divide 1170?
True
Does 9 divide 11214?
True
Is 9386 a multiple of 26?
True
Is 6 a factor of 27136?
False
Is 4 a factor of 4026?
False
Does 60 divide 2580?
True
Is 5488 a multiple of 56?
True
Is 18 a factor of 3240?
True
Does 7 divide 245?
True
Is 858 even?
True
Is 135 a multiple of 5?
True
Does 66 divide 726?
True
Is 3348 a multiple of 93?
True
Is 21 a factor of 1509?
False
Does 48 divide 5136?
True
Is 20437 a multiple of 191?
True
Does 5 divide 85?
True
Does 15 divide 1143?
False
Is 34 a multiple of 7?
False
Is 22 a factor of 1252?
False
Is 57 a factor of 684?
True
Does 73 divide 164469?
True
Is 8636 a multiple of 34?
True
Is 9 a factor of 1349?
False
Is 3080 a multiple of 13?
False
Does 151 divide 17063?
True
Is 12 a factor of 127855?
False
Is 1015 a multiple of 29?
True
Does 58 divide 4640?
True
Is 41 a factor of 1353?
True
Is 13 a factor of 1038?
False
Is 10 a factor of 630?
True
Is 3100 a multiple of 45?
False
Is 990 a multiple of 33?
True
Is 21 a factor of 6615?
True
Is 700 a multiple of 2?
True
Is 369 a multiple of 41?
True
Is 3 a factor of 3723?
True
Does 34 divide 5711?
False
Does 27 divide 1107?
True
Is 169 a factor of 10647?
True
Does 130 divide 18980?
True
Does 19 divide 1438?
False
Does 39 divide 1560?
True
Does 35 divide 6375?
False
Is 38 a factor of 14806?
False
Does 6 divide 900?
True
Is 229 a multiple of 7?
False
Is 59 a factor of 45644?
False
Does 8 divide 179?
False
Is 20 a factor of 665?
False
Does 27 divide 243?
True
Is 12 a factor of 21?
False
Is 1118 a multiple of 9?
False
Does 21 divide 1008?
True
Is 41 a factor of 14803?
False
Does 14 divide 3690?
False
Does 26 divide 4498?
True
Is 13 a factor of 1246?
False
Is 42 a multiple of 21?
True
Does 7 divide 627?
False
Does 7 divide 7223?
False
Is 74 a factor of 2054?
False
Is 8 a factor of 1427?
False
Is 1115 a multiple of 34?
False
Does 11 divide 1254?
True
Is 49 a factor of 784?
True
Is 950 a multiple of 42?
False
Does 19 divide 22838?
True
Is 26 a factor of 10330?
False
Does 68 divide 1760?
False
Does 145 divide 19285?
True
Is 99 a factor of 4629?
False
Does 43 divide 4429?
True
Is 10 a factor of 888?
False
Is 10 a factor of 1140?
True
Is 1238 even?
True
Is 28 a factor of 196?
True
Is 1160 a multiple of 24?
False
Is 1176 a multiple of 12?
True
Is 200 a multiple of 20?
True
Is 5 a factor of 175?
True
Does 10 divide 90?
True
Is 2290 a multiple of 10?
True
Is 112 a multiple of 14?
True
Is 435 a multiple of 5?
True
Is 51 a multiple of 39?
False
Does 76 divide 7017?
False
Is 15 a factor of 13635?
True
Is 26 a factor of 2236?
True
Is 14 a factor of 7576?
False
Is 6799 a multiple of 103?
False
Is 8829 a multiple of 109?
True
Is 6870 a multiple of 9?
False
Is 1537 a multiple of 15?
False
Is 732 a multiple of 8?
False
Is 88 a factor of 2024?
True
Does 21 divide 18816?
True
Does 16 divide 1616?
True
Is 5 a factor of 1506?
False
Is 12 a factor of 15264?
True
Is 40 a factor of 1960?
True
Is 7140 a multiple of 140?
True
Is 9750 a multiple of 195?
True
Is 308 a multiple of 14?
True
Is 476 a multiple of 7?
True
Does 43 divide 1376?
True
Is 735 a multiple of 35?
True
Does 39 divide 1170?
True
Is 46 a factor of 71151?
False
Is 474 a multiple of 44?
False
Is 6 a factor of 166?
False
Is 8 a factor of 1663?
False
Does 6 divide 137?
False
Is 5010 a multiple of 10?
True
Is 5643 a multiple of 27?
True
Is 2322 a multiple of 43?
True
Is 65 a factor of 37733?
False
Is 2 a factor of 132?
True
Is 8026 a multiple of 5?
False
Is 20 a factor of 360?
True
Is 10870 a multiple of 3?
False
Is 10843 a multiple of 8?
False
Is 5281 a multiple of 5?
False
Is 97650 a multiple of 35?
True
Does 13 divide 4654?
True
Is 21 a factor of 357?
True
Does 19 divide 1159?
True
Is 6 a factor of 24222?
True
Is 51226 a multiple of 167?
False
Does 94 divide 1182?
False
Is 693 a multiple of 29?
False
Is 5445 a multiple of 121?
True
Does 54 divide 4968?
True
Does 10 divide 14526?
False
Is 78 a factor of 467?
False
Does 104 divide 7792?
False
Is 7 a factor of 5205?
False
Is 125 a factor of 6600?
False
Does 101 divide 44339?
True
Does 15 divide 59491?
False
Is 10603 a multiple of 69?
False
Is 78 a multiple of 3?
True
Is 41 a factor of 902?
True
Is 95920 a multiple of 110?
True
Is 2040 a multiple of 11?
False
Is 3106 a multiple of 160?
False
Is 19931 a multiple of 31?
False
Does 35 divide 490?
True
Does 17 divide 5632?
False
Does 4 divide 27768?
True
Is 31 a factor of 4061?
True
Is 64 a multiple of 11?
False
Is 19 a factor of 357?
False
Is 385 a multiple of 35?
True
Is 246 a multiple of 12?
False
Is 2987 a multiple of 29?
True
Does 157 divide 64647?
False
Is 812 a multiple of 6?
False
Is 2 a factor of 345?
False
Is 182 a factor of 11850?
False
Does 129 divide 14116?
False
Is 335 a factor of 31123?
False
Is 9 a factor of 15?
False
Does 6 divide 1348?
False
Is 4968 a multiple of 72?
True
Is 5155 a multiple of 17?
False
Is 7658 a multiple of 14?
True
Is 18715 a multiple of 19?
True
Is 2340 a multiple of 9?
True
Does 6 divide 444?
True
Is 13 a factor of 514?
False
Does 13 divide 91?
True
Does 14 divide 1708?
True
Is 16154 a multiple of 8?
False
Is 45 a factor of 895?
False
Is 22 a factor of 285?
False
Does 65 divide 36010?
True
Does 4 divide 64?
True
Is 25 a factor of 46250?
True
Is 73 a factor of 7832?
False
Does 19 divide 623?
False
Is 713 a multiple of 31?
True
Is 16 a factor of 1968?
True
Does 28 divide 11952?
False
Is 46 a factor of 2466?
False
Does 142 divide 17892?
True
Is 12 a factor of 875?
False
Is 1411 a multiple of 4?
False
Is 1220 a multiple of 15?
False
Is 4 a factor of 17567?
False
Is 97 a factor of 6693?
True
Is 3984 a multiple of 8?
True
Does 47 divide 776?
False
Is 660 a multiple of 110?
True
Is 27781 a multiple of 26?
False
Is 57544 a multiple of 149?
False
Is 7204 a multiple of 77?
False
Is 55 a factor of 8360?
True
Is 49 a factor of 13475?
True
Is 35 a factor of 385?
True
Does 9 divide 8333?
False
Is 1392 a multiple of 48?
True
Is 899 a multiple of 29?
True
Is 60 a factor of 3300?
True
Does 67 divide 1264?
False
Is 172 a factor of 49827?
False
Is 4300 a multiple of 5?
True
Is 6025 a multiple of 241?
True
Is 275 a factor of 62201?
False
Does 9 divide 3030?
False
Is 668 a multiple of 9?
False
Is 7820 a multiple of 34?
True
Is 138 a multiple of 22?
False
Is 183 a factor of 1339?
False
Does 30 divide 1410?
True
Is 44 a factor of 3696?
True
Is 3912 a multiple of 24?
True
Is 4049 a multiple of 9?
False
Is 55 a factor of 151?
False
Does 15 divide 4857?
False
Does 20 divide 6464?
False
Is 20847 a multiple of 94?
False
Is 13638 a multiple of 117?
False
Is 1504 a multiple of 23?
False
Is 23 a factor of 2070?
True
Does 14 divide 7798?
True
Does 57 divide 2337?
True
Is 11688 a multiple of 86?
False
Is 90 a multiple of 9?
True
Is 86 a factor of 27988?
False
Does 34 divide 2652?
True
Does 19 divide 18310?
False
Does 27 divide 405?
True
Is 5360 a multiple of 16?
True
Is 7641 a multiple of 11?
False
Is 39 a factor of 975?
True
Does 6 divide 7663?
False
Is 41616 a multiple of 102?
True
Is 25 a factor of 158?
False
Is 15 a factor of 3488?
False
Is 609 a multiple of 7?
True
Does 24 divide 11760?
True
Does 29 divide 29783?
True
Does 75 divide 2466?
False
Does 37 divide 333?
True
Is 14194 a multiple of 76?
False
Does 29 divide 43703?
True
Is 27034 a multiple of 166?
False
Is 16 a multiple of 4?
True
Is 3556 a multiple of 14?
True
Is 62 a factor of 2976?
True
Is 14 a factor of 47188?
False
Does 14 divide 11424?
True
Is 14 a factor of 10472?
True
Is 4 a factor of 69?
False
Does 17 divide 15938?
False
Is 188 a factor of 19574?
False
Is 14 a factor of 16268?
True
Is 215 a multiple of 5?
True
Is 2 a factor of 550?
True
Is 71 a factor of 8023?
True
Is 1584 a multiple of 22?
True
Is 39 a factor of 13533?
True
Is 12 a factor of 363?
False
Is 16 a factor of 1515?
False
Does 20 divide 380?
True
Is 216 a factor of 29160?
True
Is 9 a factor of 4663?
False
Is 2028 a multiple of 36?
False
Is 444 a multiple of 12?
True
Is 6 a factor of 393?
False
Is 23 a factor of 933?
False
Is 1052 a multiple of 6?
False
Does 2 divide 6551?
Fa